11.
3, 643, 20759
What are the prime factors of 36461690?
2, 5, 487, 7487
List the prime factors of 42379496.
2, 577, 9181
What are the prime factors of 80379252?
2, 3, 139, 16063
What are the prime factors of 317435052?
2, 3, 11, 19, 23, 5503
What are the prime factors of 91616085?
3, 5, 11, 59, 3137
List the prime factors of 47015101.
7, 19, 83, 4259
List the prime factors of 792747100.
2, 5, 7927471
List the prime factors of 99711135.
3, 5, 29, 25469
What are the prime factors of 2550868872?
2, 3, 89, 107, 11161
What are the prime factors of 444808280?
2, 5, 7, 226943
List the prime factors of 795500126.
2, 23, 73, 236897
What are the prime factors of 1285768575?
3, 5, 7, 13, 8971
List the prime factors of 8920508279.
8920508279
List the prime factors of 1051066470.
2, 3, 5, 31, 347, 3257
List the prime factors of 43867414.
2, 21933707
List the prime factors of 2519114382.
2, 3, 2309, 60611
What are the prime factors of 95662596?
2, 3, 257, 31019
List the prime factors of 25439021.
17, 131, 11423
What are the prime factors of 283625699?
7, 4799, 8443
List the prime factors of 69003641.
7, 9857663
What are the prime factors of 108088820?
2, 5, 7, 151, 5113
List the prime factors of 6505624807.
11, 61, 9695417
What are the prime factors of 713930069?
263, 2714563
What are the prime factors of 1688142871?
37, 45625483
What are the prime factors of 277141513?
11, 23, 97, 491
What are the prime factors of 164033182?
2, 641, 127951
List the prime factors of 16252713.
3, 1805857
List the prime factors of 169464058.
2, 17, 1597, 3121
What are the prime factors of 88044199?
88044199
List the prime factors of 1780389099.
3, 2027, 32531
What are the prime factors of 67785754?
2, 33892877
List the prime factors of 348568991.
31, 59, 190579
List the prime factors of 1812296338.
2, 906148169
What are the prime factors of 5613854?
2, 19, 241, 613
List the prime factors of 43409586.
2, 3, 11, 811
List the prime factors of 3450629134.
2, 1039, 1660553
What are the prime factors of 8000743?
181, 44203
What are the prime factors of 328071887?
11, 13, 2294209
What are the prime factors of 143051558?
2, 13, 53, 103811
List the prime factors of 4117503842.
2, 617, 3336713
List the prime factors of 1956472790.
2, 5, 195647279
List the prime factors of 75227832.
2, 3, 59, 5903
List the prime factors of 200590714.
2, 19, 73, 167, 433
What are the prime factors of 157770777?
3, 23, 2286533
List the prime factors of 515277971.
13, 727, 54521
List the prime factors of 126333870.
2, 3, 5, 13, 323933
What are the prime factors of 283611267?
3, 10504121
List the prime factors of 85822225.
5, 41, 101, 829
What are the prime factors of 55187970?
2, 3, 5, 19, 96821
List the prime factors of 404735297.
404735297
What are the prime factors of 18174291?
3, 6058097
List the prime factors of 39127886.
2, 7, 53, 52733
List the prime factors of 2310202479.
3, 13, 59235961
What are the prime factors of 184396788?
2, 3, 1307, 3919
List the prime factors of 39779349.
3, 179, 74077
List the prime factors of 180070683.
3, 13, 173, 2053
What are the prime factors of 776800547?
43, 1129, 16001
What are the prime factors of 3066981?
3, 23, 44449
What are the prime factors of 608027578?
2, 149, 2040361
List the prime factors of 35991323.
281, 349, 367
List the prime factors of 327324.
2, 3, 27277
List the prime factors of 20691900.
2, 3, 5, 83, 277
What are the prime factors of 58856360?
2, 5, 1471409
List the prime factors of 91948183.
29, 179, 17713
List the prime factors of 911002485.
3, 5, 60733499
List the prime factors of 3147601.
17, 185153
List the prime factors of 196373228.
2, 269, 182503
List the prime factors of 122013989.
3607, 33827
List the prime factors of 348518893.
383, 909971
List the prime factors of 778472568.
2, 3, 17, 157, 4051
List the prime factors of 237419002.
2, 8609, 13789
What are the prime factors of 254605615?
5, 11, 251, 18443
List the prime factors of 1027339844.
2, 9239, 27799
What are the prime factors of 582630548?
2, 145657637
List the prime factors of 946715617.
1153, 821089
What are the prime factors of 1085134059?
3, 491, 245561
What are the prime factors of 1115069575?
5, 29, 1538027
What are the prime factors of 2751398137?
353, 7794329
List the prime factors of 662784325.
5, 7, 79, 191, 251
List the prime factors of 50000766.
2, 3, 73, 114157
What are the prime factors of 98636032?
2, 11, 35027
What are the prime factors of 69151193?
167, 547, 757
What are the prime factors of 37502609?
103, 364103
What are the prime factors of 3507110063?
683, 5134861
List the prime factors of 1439735143.
7, 11, 331, 56489
List the prime factors of 1571660273.
9127, 172199
What are the prime factors of 483159747?
3, 7, 469543
List the prime factors of 594992122.
2, 191, 277, 5623
List the prime factors of 460870358.
2, 13, 59, 79, 3803
List the prime factors of 313405599.
3, 13, 41, 15077
List the prime factors of 3693189519.
3, 136784797
List the prime factors of 161308646.
2, 431, 187133
List the prime factors of 601158045.
3, 5, 31, 1292813
What are the prime factors of 415568539?
61, 137, 49727
What are the prime factors of 79244038?
2, 17, 197, 11831
List the prime factors of 94403663.
271, 348353
What are the prime factors of 650978014?
2, 325489007
List the prime factors of 359682789.
3, 119894263
List the prime factors of 1660022089.
11, 29, 5203831
List the prime factors of 339469075.
5, 11, 23, 191, 281
List the prime factors of 51206611.
51206611
What are the prime factors of 163370917?
107, 1526831
What are the prime factors of 340884338?
2, 11483, 14843
What are the prime factors of 517559172?
2, 3, 13, 29, 233, 491
List the prime factors of 816598247.
17, 193, 248887
What are the prime factors of 912733416?
2, 3, 7, 1810979
What are the prime factors of 4451803414?
2, 2225901707
What are the prime factors of 2812238080?
2, 5, 1031, 2131
What are the prime factors of 106592636?
2, 26648159
What are the prime factors of 74833958?
2, 293, 127703
What are the prime factors of 49537839?
3, 13, 1270201
List the prime factors of 62679029.
7, 983, 9109
List the prime factors of 649137449.
649137449
What are the prime factors of 4063126231?
19, 223, 958963
List the prime factors of 70182296.
2, 1049, 8363
What are the prime factors of 83494610?
2, 5, 53, 263, 599
What are the prime factors of 68379679?
89, 251, 3061
List the prime factors of 1140610012.
2, 285152503
What are the prime factors of 175144724?
2, 23, 1903747
List the prime factors of 22972926.
2, 3, 3828821
List the prime factors of 617726.
2, 73, 4231
What are the prime factors of 330399403?
17, 53, 366703
What are the prime factors of 375762806?
2, 61, 89, 34607
What are the prime factors of 1331446576?
2, 83215411
What are the prime factors of 558361969?
11, 29, 1750351
List the prime factors of 628387705.
5, 11, 11425231
List the prime factors of 75569620.
2, 5, 7, 539783
List the prime factors of 78061809.
3, 7, 743, 5003
What are the prime factors of 51033451?
7, 71, 14669
What are the prime factors of 318989528?
2, 11, 13, 89, 241
What are the prime factors of 2662339334?
2, 31, 6277, 6841
What are the prime factors of 2088771238?
2, 1663, 628013
What are the prime factors of 117294368?
2, 43, 85243
List the prime factors of 6448464524.
2, 71, 4391, 5171
What are the prime factors of 1074751422?
2, 3, 67, 2673511
List the prime factors of 831459566.
2, 7, 59389969
List the prime factors of 201599786.
2, 373, 270241
List the prime factors of 1532159648.
2, 47879989
List the prime factors of 71133934.
2, 41, 867487
List the prime factors of 3416992176.
2, 3, 13, 73, 75013
What are the prime factors of 2327914090?
2, 5, 109, 2135701
What are the prime factors of 3266674111?
2609, 1252079
List the prime factors of 680174234.
2, 340087117
What are the prime factors of 2636818478?
2, 7, 659, 40829
What are the prime factors of 1585148835?
3, 5, 105676589
What are the prime factors of 6409053978?
2, 3, 139, 181, 42457
List the prime factors of 3984414204.
2, 3, 332034517
List the prime factors of 58673859.
3, 19557953
List the prime factors of 20443938.
2, 3, 3407323
What are the prime factors of 2194727879?
101, 463, 46933
List the prime factors of 21994012.
2, 797, 6899
What are the prim